t is the tens digit of 1168?
6
What is the units digit of 6893?
3
What is the hundreds digit of 18736?
7
What is the tens digit of 181?
8
What is the units digit of 1240?
0
What is the units digit of 2301?
1
What is the hundreds digit of 3093?
0
What is the units digit of 30816?
6
What is the tens digit of 27275?
7
What is the tens digit of 1167?
6
What is the thousands digit of 1702?
1
What is the tens digit of 200?
0
What is the hundreds digit of 6156?
1
What is the tens digit of 5271?
7
What is the hundreds digit of 716?
7
What is the thousands digit of 10014?
0
What is the units digit of 386?
6
What is the hundreds digit of 66079?
0
What is the hundreds digit of 23551?
5
What is the ten thousands digit of 98295?
9
What is the thousands digit of 6670?
6
What is the tens digit of 19484?
8
What is the thousands digit of 88933?
8
What is the hundreds digit of 926?
9
What is the hundreds digit of 140?
1
What is the tens digit of 3621?
2
What is the tens digit of 894?
9
What is the units digit of 21723?
3
What is the units digit of 63838?
8
What is the tens digit of 6907?
0
What is the units digit of 2060?
0
What is the units digit of 6781?
1
What is the units digit of 1877?
7
What is the hundreds digit of 843?
8
What is the hundreds digit of 13527?
5
What is the hundred thousands digit of 118161?
1
What is the units digit of 1868?
8
What is the hundreds digit of 708?
7
What is the thousands digit of 10976?
0
What is the units digit of 45663?
3
What is the hundreds digit of 37313?
3
What is the hundreds digit of 1752?
7
What is the tens digit of 984?
8
What is the tens digit of 26515?
1
What is the hundreds digit of 1660?
6
What is the tens digit of 467?
6
What is the hundreds digit of 1294?
2
What is the units digit of 16088?
8
What is the tens digit of 22568?
6
What is the thousands digit of 6821?
6
What is the tens digit of 910?
1
What is the thousands digit of 120955?
0
What is the hundreds digit of 44461?
4
What is the tens digit of 7348?
4
What is the units digit of 2424?
4
What is the tens digit of 45151?
5
What is the tens digit of 2642?
4
What is the tens digit of 6714?
1
What is the units digit of 31662?
2
What is the hundreds digit of 82465?
4
What is the hundreds digit of 15655?
6
What is the thousands digit of 5739?
5
What is the thousands digit of 2729?
2
What is the hundreds digit of 4792?
7
What is the hundreds digit of 2577?
5
What is the thousands digit of 1053?
1
What is the hundreds digit of 4921?
9
What is the tens digit of 5758?
5
What is the units digit of 2043?
3
What is the thousands digit of 1409?
1
What is the tens digit of 3380?
8
What is the units digit of 54?
4
What is the ten thousands digit of 15390?
1
What is the hundreds digit of 541?
5
What is the units digit of 21828?
8
What is the thousands digit of 22737?
2
What is the thousands digit of 5397?
5
What is the units digit of 50683?
3
What is the hundreds digit of 60952?
9
What is the thousands digit of 4474?
4
What is the hundreds digit of 21514?
5
What is the tens digit of 2780?
8
What is the units digit of 623?
3
What is the hundreds digit of 59897?
8
What is the units digit of 636?
6
What is the units digit of 1625?
5
What is the thousands digit of 8856?
8
What is the thousands digit of 17576?
7
What is the hundreds digit of 23010?
0
What is the units digit of 2580?
0
What is the thousands digit of 8066?
8
What is the hundreds digit of 130306?
3
What is the tens digit of 20334?
3
What is the hundreds digit of 80814?
8
What is the units digit of 7124?
4
What is the hundreds digit of 2847?
8
What is the hundreds digit of 7306?
3
What is the units digit of 983?
3
What is the units digit of 473?
3
What is the thousands digit of 87347?
7
What is the tens digit of 661?
6
What is the tens digit of 1212?
1
What is the units digit of 1858?
8
What is the tens digit of 17412?
1
What is the tens digit of 1739?
3
What is the units digit of 881?
1
What is the tens digit of 785?
8
What is the tens digit of 101930?
3
What is the tens digit of 50987?
8
What is the thousands digit of 13672?
3
What is the hundreds digit of 3581?
5
What is the units digit of 1015?
5
What is the tens digit of 3980?
8
What is the units digit of 559?
9
What is the units digit of 57107?
7
What is the tens digit of 2847?
4
What is the hundreds digit of 1434?
4
What is the tens digit of 35837?
3
What is the units digit of 23661?
1
What is the ten thousands digit of 123583?
2
What is the tens digit of 64488?
8
What is the hundreds digit of 35578?
5
What is the tens digit of 3457?
5
What is the units digit of 1957?
7
What is the ten thousands digit of 30013?
3
What is the hundreds digit of 755?
7
What is the units digit of 54562?
2
What is the hundreds digit of 4107?
1
What is the tens digit of 22893?
9
What is the tens digit of 7350?
5
What is the units digit of 3025?
5
What is the units digit of 2054?
4
What is the tens digit of 12936?
3
What is the units digit of 3685?
5
What is the thousands digit of 4833?
4
What is the tens digit of 1191?
9
What is the hundreds digit of 9956?
9
What is the thousands digit of 4373?
4
What is the units digit of 2501?
1
What is the units digit of 1088?
8
What is the units digit of 1112?
2
What is the tens digit of 2610?
1
What is the hundreds digit of 8646?
6
What is the units digit of 92370?
0
What is the tens digit of 951?
5
What is the hundreds digit of 208?
2
What is the units digit of 63446?
6
What is the hundreds digit of 26625?
6
What is the hundreds digit of 105815?
8
What is the thousands digit of 4072?
4
What is the hundreds digit of 1147?
1
What is the thousands digit of 9024?
9
What is the units digit of 1491?
1
What is the tens digit of 11925?
2
What is the hundreds digit of 3075?
0
What is the units digit of 42887?
7
What is the hundreds digit of 80696?
6
What is the thousands digit of 43930?
3
What is the units digit of 1058?
8
What is the hundreds digit of 5147?
1
What is the units digit of 1137?
7
What is the ten thousands digit of 10791?
1
What is the thousands digit of 4856?
4
What is the units digit of 1749?
9
What is the units digit of 1068?
8
What is the units digit of 21877?
7
What is the thousands digit of 16961?
6
What is the ten thousands digit of 23686?
2
What is the thousands digit of 10034?
0
What is the tens digit of 4383?
8
What is the units digit of 5375?
5
What is the tens digit of 90425?
2
What is the thousands digit of 4113?
4
What is the tens digit of 684?
8
What is the units digit of 9895?
5
What is the tens digit of 24697?
9
What is the tens digit of 23?
2
What is the tens digit of 5340?
4
What is the hundreds digit of 25228?
2
What is the tens digit of 33831?
3
What is the hundreds digit of 2392?
3
What is the hundreds digit of 48979?
9
What is the tens digit of 782?
8
What is the ten thousands digit of 54398?
5
What is the units digit of 4725?
5
What is the tens digit of 88320?
2
What is the tens digit of 1390?
9
What is the hundreds digit of 1153?
1
What is the thousands digit of 7000?
7
What is the tens digit of 38897?
9
What is the tens digit of 191?
9
What is the thousands digit of 3903?
3
What is the hundreds digit of 4702?
7
What is the units digit of 11078?
8
What is the ten thousands digit of 29227?
2
What is the thousands digit of 1253?
1
What is the thousands digit of 22370?
2
What is the units digit of 8735?
5
What is the ten thousands digit of 25988?
2
What is the units digit of 2038?
8
What is the tens digit of 997?
9
What is the units digit of 598?
8
What is the units digit of 223?
3
What is the units digit of 2289?
9
What is the thousands digit of 5584?
5
What is the thousands digit of 7928?
7
What is the units digit of 118?
8
What is the hundreds digit of 290?
2
What is the hundreds digit of 3560?
5
What is the thousands digit of 26471?
6
What is the units digit of 3996?
6
What is the hundreds digit of 79777?
7
What is the units digit of 3090?
0
What is the hundreds digit of 41307?
3
What is the units digit of 24437?
7
What is the units digit of 1224?
4
What is the hundreds digit of 4938?
9
What is the tens digit of 5888?
8
What is the units digit of 62826?
6
What is the hundreds digit of 2458?
4
What is the thousands digit of 78417?
8
What is the tens digit of 498?
9
What is the tens digit of 1473?
7
What 